{"id":6291,"date":"2026-04-27T19:27:18","date_gmt":"2026-04-27T19:27:18","guid":{"rendered":"https:\/\/snopet.ma\/market\/?post_type=product&#038;p=6291"},"modified":"2026-04-27T19:27:19","modified_gmt":"2026-04-27T19:27:19","slug":"royal-canin-berger-allemand-adulte-11-kg","status":"publish","type":"product","link":"https:\/\/snopet.ma\/market\/produit\/royal-canin-berger-allemand-adulte-11-kg\/","title":{"rendered":"Royal Canin Berger Allemand Adulte 11 Kg"},"content":{"rendered":"<section id=\"fiche-race-description\" style=\"background-color: #e8f3cd; border-top: 2px solid #A3D133; border-right: 2px solid #A3D133; border-bottom: 4px solid #A3D133; border-left: 4px solid #A3D133; border-radius: 8px; padding: 12px; margin: 0; box-shadow: none; font-family: system-ui, -apple-system, BlinkMacSystemFont, 'Segoe UI Emoji', 'Apple Color Emoji', 'Noto Color Emoji', sans-serif; box-sizing: border-box; line-height: 1.4; font-size: 15px; color: #3a3a3a;\">\n<h2 style=\"font-size: 22px; margin: 0 0 8px 0; color: #916026;\">\ud83d\udc3e Croquettes Pour Berger Allemand<\/h2>\n<p style=\"margin: 0 0 6px 0;\">Aliment complet pour chiens &#8211; Sp\u00e9cialement pour Berger Allemand adulte, partir de 15 mois.<\/p>\n<\/section>\n","protected":false},"excerpt":{"rendered":"<section id=\"fiche-race-description\" style=\"background-color: #e8f3cd; border-top: 2px solid #A3D133; border-right: 2px solid #A3D133; border-bottom: 4px solid #A3D133; border-left: 4px solid #A3D133; border-radius: 8px; padding: 12px; margin: 0; box-shadow: none; font-family: system-ui, -apple-system, BlinkMacSystemFont, 'Segoe UI Emoji', 'Apple Color Emoji', 'Noto Color Emoji', sans-serif; box-sizing: border-box; line-height: 1.4; font-size: 15px; color: #3a3a3a;\">\n<h3 style=\"font-size: 22px; margin: 0 0 8px 0; color: #916026;\">\ud83d\udc3e D\u00c9TAILS DU PRODUIT<\/h3>\n<p style=\"margin: 0 0 6px 0;\">ROYAL CANIN\u00ae German Shepherd Adult est sp\u00e9cialement formul\u00e9 pour r\u00e9pondre \u00e0 tous les besoins nutritionnels de votre chien adulte et convient aux Bergers allemands de 15 mois et plus. ROYAL CANIN\u00ae German Shepherd Adult favorise une sant\u00e9 digestive optimale gr\u00e2ce \u00e0 sa teneur en prot\u00e9ines L.I.P. hautement digestibles et \u00e0 une s\u00e9lection de fibres sp\u00e9cifiques qui limitent la fermentation intestinale et contribuent au maintien du bon \u00e9quilibre de la flore intestinale. ROYAL CANIN\u00ae German Shepherd Adult est sp\u00e9cialement con\u00e7u pour aider \u00e0 renforcer le r\u00f4le de barri\u00e8re de la peau. Cette formule sp\u00e9cifique contient \u00e9galement des acides gras om\u00e9ga-3 EPA et DHA, des nutriments qui ont pour fonction de pr\u00e9server et de nourrir la peau et le pelage de votre chien. Le Berger allemand est connu pour son temp\u00e9rament vif et sa forte participation aux activit\u00e9s. C\u2019est pourquoi un r\u00e9gime alimentaire contenant des nutriments qui favorisent la sant\u00e9 des articulations peut contribuer \u00e0 maintenir le haut degr\u00e9 d\u2019activit\u00e9 de cette race. C\u2019est pourquoi ROYAL CANIN\u00ae German Shepherd Adult est enrichi en nutriments sp\u00e9cifiques afin de pr\u00e9server la sant\u00e9 des os et des articulations. De plus, cette formule contribue \u00e9galement au maintien du poids de forme de votre chien.<\/p>\n<\/section>\n","protected":false},"featured_media":6292,"comment_status":"open","ping_status":"closed","template":"","meta":[],"product_brand":[298],"product_cat":[265,286,285],"product_tag":[651,650,649],"class_list":{"0":"post-6291","1":"product","2":"type-product","3":"status-publish","4":"has-post-thumbnail","6":"product_brand-royal-canin","7":"product_cat-chiens","8":"product_cat-croquettes-nourriture-seche-chien","9":"product_cat-croquettes-pates-chien","10":"product_tag-alimentation-berger-allemand-adulte","11":"product_tag-croquettes-chien-grande-race","12":"product_tag-royal-canin-berger-allemand-adulte","14":"first","15":"instock","16":"sale","17":"purchasable","18":"product-type-simple"},"yoast_head":"<!-- This site is optimized with the Yoast SEO plugin v27.4 - https:\/\/yoast.com\/product\/yoast-seo-wordpress\/ -->\n<title>Croquettes Royal Canin Berger Allemand Adulte \u2013 Snopet<\/title>\n<meta name=\"description\" content=\"Offrez \u00e0 votre Berger Allemand adulte une alimentation compl\u00e8te et \u00e9quilibr\u00e9e avec les croquettes Royal Canin, con\u00e7ues pour sant\u00e9, vitalit\u00e9 et digestion.\" \/>\n<meta name=\"robots\" content=\"index, follow, max-snippet:-1, max-image-preview:large, max-video-preview:-1\" \/>\n<link rel=\"canonical\" href=\"https:\/\/snopet.ma\/market\/produit\/royal-canin-berger-allemand-adulte-11-kg\/\" \/>\n<meta property=\"og:locale\" content=\"fr_FR\" \/>\n<meta property=\"og:type\" content=\"article\" \/>\n<meta property=\"og:title\" content=\"Croquettes Royal Canin Berger Allemand Adulte \u2013 Snopet\" \/>\n<meta property=\"og:description\" content=\"Offrez \u00e0 votre Berger Allemand adulte une alimentation compl\u00e8te et \u00e9quilibr\u00e9e avec les croquettes Royal Canin, con\u00e7ues pour sant\u00e9, vitalit\u00e9 et digestion.\" \/>\n<meta property=\"og:url\" content=\"https:\/\/snopet.ma\/market\/produit\/royal-canin-berger-allemand-adulte-11-kg\/\" \/>\n<meta property=\"og:site_name\" content=\"Animalerie en ligne : nourriture, accessoires | Snopet\" \/>\n<meta property=\"article:modified_time\" content=\"2026-04-27T19:27:19+00:00\" \/>\n<meta property=\"og:image\" content=\"https:\/\/snopet.ma\/market\/wp-content\/uploads\/sites\/2\/2026\/04\/croquette-Royal-Canin-Berger-Allemand-adulte.jpg\" \/>\n\t<meta property=\"og:image:width\" content=\"649\" \/>\n\t<meta property=\"og:image:height\" content=\"800\" \/>\n\t<meta property=\"og:image:type\" content=\"image\/jpeg\" \/>\n<meta name=\"twitter:card\" content=\"summary_large_image\" \/>\n<meta name=\"twitter:label1\" content=\"Dur\u00e9e de lecture estim\u00e9e\" \/>\n\t<meta name=\"twitter:data1\" content=\"1 minute\" \/>\n<script type=\"application\/ld+json\" class=\"yoast-schema-graph\">{\"@context\":\"https:\\\/\\\/schema.org\",\"@graph\":[{\"@type\":\"WebPage\",\"@id\":\"https:\\\/\\\/snopet.ma\\\/market\\\/produit\\\/royal-canin-berger-allemand-adulte-11-kg\\\/\",\"url\":\"https:\\\/\\\/snopet.ma\\\/market\\\/produit\\\/royal-canin-berger-allemand-adulte-11-kg\\\/\",\"name\":\"Croquettes Royal Canin Berger Allemand Adulte \u2013 Snopet\",\"isPartOf\":{\"@id\":\"https:\\\/\\\/snopet.ma\\\/market\\\/#website\"},\"primaryImageOfPage\":{\"@id\":\"https:\\\/\\\/snopet.ma\\\/market\\\/produit\\\/royal-canin-berger-allemand-adulte-11-kg\\\/#primaryimage\"},\"image\":{\"@id\":\"https:\\\/\\\/snopet.ma\\\/market\\\/produit\\\/royal-canin-berger-allemand-adulte-11-kg\\\/#primaryimage\"},\"thumbnailUrl\":\"https:\\\/\\\/snopet.ma\\\/market\\\/wp-content\\\/uploads\\\/sites\\\/2\\\/2026\\\/04\\\/croquette-Royal-Canin-Berger-Allemand-adulte.jpg\",\"datePublished\":\"2026-04-27T19:27:18+00:00\",\"dateModified\":\"2026-04-27T19:27:19+00:00\",\"description\":\"Offrez \u00e0 votre Berger Allemand adulte une alimentation compl\u00e8te et \u00e9quilibr\u00e9e avec les croquettes Royal Canin, con\u00e7ues pour sant\u00e9, vitalit\u00e9 et digestion.\",\"breadcrumb\":{\"@id\":\"https:\\\/\\\/snopet.ma\\\/market\\\/produit\\\/royal-canin-berger-allemand-adulte-11-kg\\\/#breadcrumb\"},\"inLanguage\":\"fr-FR\",\"potentialAction\":[{\"@type\":\"ReadAction\",\"target\":[\"https:\\\/\\\/snopet.ma\\\/market\\\/produit\\\/royal-canin-berger-allemand-adulte-11-kg\\\/\"]}]},{\"@type\":\"ImageObject\",\"inLanguage\":\"fr-FR\",\"@id\":\"https:\\\/\\\/snopet.ma\\\/market\\\/produit\\\/royal-canin-berger-allemand-adulte-11-kg\\\/#primaryimage\",\"url\":\"https:\\\/\\\/snopet.ma\\\/market\\\/wp-content\\\/uploads\\\/sites\\\/2\\\/2026\\\/04\\\/croquette-Royal-Canin-Berger-Allemand-adulte.jpg\",\"contentUrl\":\"https:\\\/\\\/snopet.ma\\\/market\\\/wp-content\\\/uploads\\\/sites\\\/2\\\/2026\\\/04\\\/croquette-Royal-Canin-Berger-Allemand-adulte.jpg\",\"width\":649,\"height\":800,\"caption\":\"croquettes royal canin pour berger allemand\"},{\"@type\":\"BreadcrumbList\",\"@id\":\"https:\\\/\\\/snopet.ma\\\/market\\\/produit\\\/royal-canin-berger-allemand-adulte-11-kg\\\/#breadcrumb\",\"itemListElement\":[{\"@type\":\"ListItem\",\"position\":1,\"name\":\"Home\",\"item\":\"https:\\\/\\\/snopet.ma\\\/market\\\/\"},{\"@type\":\"ListItem\",\"position\":2,\"name\":\"Shop\",\"item\":\"https:\\\/\\\/snopet.ma\\\/market\\\/shop\\\/\"},{\"@type\":\"ListItem\",\"position\":3,\"name\":\"Royal Canin Berger Allemand Adulte 11 Kg\"}]},{\"@type\":\"WebSite\",\"@id\":\"https:\\\/\\\/snopet.ma\\\/market\\\/#website\",\"url\":\"https:\\\/\\\/snopet.ma\\\/market\\\/\",\"name\":\"Animalerie en ligne : nourriture, accessoires | Snopet\",\"description\":\"\",\"publisher\":{\"@id\":\"https:\\\/\\\/snopet.ma\\\/market\\\/#organization\"},\"potentialAction\":[{\"@type\":\"SearchAction\",\"target\":{\"@type\":\"EntryPoint\",\"urlTemplate\":\"https:\\\/\\\/snopet.ma\\\/market\\\/?s={search_term_string}\"},\"query-input\":{\"@type\":\"PropertyValueSpecification\",\"valueRequired\":true,\"valueName\":\"search_term_string\"}}],\"inLanguage\":\"fr-FR\"},{\"@type\":\"Organization\",\"@id\":\"https:\\\/\\\/snopet.ma\\\/market\\\/#organization\",\"name\":\"MYHA WEB & TRADE\",\"url\":\"https:\\\/\\\/snopet.ma\\\/market\\\/\",\"logo\":{\"@type\":\"ImageObject\",\"inLanguage\":\"fr-FR\",\"@id\":\"https:\\\/\\\/snopet.ma\\\/market\\\/#\\\/schema\\\/logo\\\/image\\\/\",\"url\":\"https:\\\/\\\/snopet.ma\\\/market\\\/wp-content\\\/uploads\\\/sites\\\/2\\\/2025\\\/08\\\/cropped-snopet-logo.png\",\"contentUrl\":\"https:\\\/\\\/snopet.ma\\\/market\\\/wp-content\\\/uploads\\\/sites\\\/2\\\/2025\\\/08\\\/cropped-snopet-logo.png\",\"width\":555,\"height\":183,\"caption\":\"MYHA WEB & TRADE\"},\"image\":{\"@id\":\"https:\\\/\\\/snopet.ma\\\/market\\\/#\\\/schema\\\/logo\\\/image\\\/\"}}]}<\/script>\n<!-- \/ Yoast SEO plugin. -->","yoast_head_json":{"title":"Croquettes Royal Canin Berger Allemand Adulte \u2013 Snopet","description":"Offrez \u00e0 votre Berger Allemand adulte une alimentation compl\u00e8te et \u00e9quilibr\u00e9e avec les croquettes Royal Canin, con\u00e7ues pour sant\u00e9, vitalit\u00e9 et digestion.","robots":{"index":"index","follow":"follow","max-snippet":"max-snippet:-1","max-image-preview":"max-image-preview:large","max-video-preview":"max-video-preview:-1"},"canonical":"https:\/\/snopet.ma\/market\/produit\/royal-canin-berger-allemand-adulte-11-kg\/","og_locale":"fr_FR","og_type":"article","og_title":"Croquettes Royal Canin Berger Allemand Adulte \u2013 Snopet","og_description":"Offrez \u00e0 votre Berger Allemand adulte une alimentation compl\u00e8te et \u00e9quilibr\u00e9e avec les croquettes Royal Canin, con\u00e7ues pour sant\u00e9, vitalit\u00e9 et digestion.","og_url":"https:\/\/snopet.ma\/market\/produit\/royal-canin-berger-allemand-adulte-11-kg\/","og_site_name":"Animalerie en ligne : nourriture, accessoires | Snopet","article_modified_time":"2026-04-27T19:27:19+00:00","og_image":[{"width":649,"height":800,"url":"https:\/\/snopet.ma\/market\/wp-content\/uploads\/sites\/2\/2026\/04\/croquette-Royal-Canin-Berger-Allemand-adulte.jpg","type":"image\/jpeg"}],"twitter_card":"summary_large_image","twitter_misc":{"Dur\u00e9e de lecture estim\u00e9e":"1 minute"},"schema":{"@context":"https:\/\/schema.org","@graph":[{"@type":"WebPage","@id":"https:\/\/snopet.ma\/market\/produit\/royal-canin-berger-allemand-adulte-11-kg\/","url":"https:\/\/snopet.ma\/market\/produit\/royal-canin-berger-allemand-adulte-11-kg\/","name":"Croquettes Royal Canin Berger Allemand Adulte \u2013 Snopet","isPartOf":{"@id":"https:\/\/snopet.ma\/market\/#website"},"primaryImageOfPage":{"@id":"https:\/\/snopet.ma\/market\/produit\/royal-canin-berger-allemand-adulte-11-kg\/#primaryimage"},"image":{"@id":"https:\/\/snopet.ma\/market\/produit\/royal-canin-berger-allemand-adulte-11-kg\/#primaryimage"},"thumbnailUrl":"https:\/\/snopet.ma\/market\/wp-content\/uploads\/sites\/2\/2026\/04\/croquette-Royal-Canin-Berger-Allemand-adulte.jpg","datePublished":"2026-04-27T19:27:18+00:00","dateModified":"2026-04-27T19:27:19+00:00","description":"Offrez \u00e0 votre Berger Allemand adulte une alimentation compl\u00e8te et \u00e9quilibr\u00e9e avec les croquettes Royal Canin, con\u00e7ues pour sant\u00e9, vitalit\u00e9 et digestion.","breadcrumb":{"@id":"https:\/\/snopet.ma\/market\/produit\/royal-canin-berger-allemand-adulte-11-kg\/#breadcrumb"},"inLanguage":"fr-FR","potentialAction":[{"@type":"ReadAction","target":["https:\/\/snopet.ma\/market\/produit\/royal-canin-berger-allemand-adulte-11-kg\/"]}]},{"@type":"ImageObject","inLanguage":"fr-FR","@id":"https:\/\/snopet.ma\/market\/produit\/royal-canin-berger-allemand-adulte-11-kg\/#primaryimage","url":"https:\/\/snopet.ma\/market\/wp-content\/uploads\/sites\/2\/2026\/04\/croquette-Royal-Canin-Berger-Allemand-adulte.jpg","contentUrl":"https:\/\/snopet.ma\/market\/wp-content\/uploads\/sites\/2\/2026\/04\/croquette-Royal-Canin-Berger-Allemand-adulte.jpg","width":649,"height":800,"caption":"croquettes royal canin pour berger allemand"},{"@type":"BreadcrumbList","@id":"https:\/\/snopet.ma\/market\/produit\/royal-canin-berger-allemand-adulte-11-kg\/#breadcrumb","itemListElement":[{"@type":"ListItem","position":1,"name":"Home","item":"https:\/\/snopet.ma\/market\/"},{"@type":"ListItem","position":2,"name":"Shop","item":"https:\/\/snopet.ma\/market\/shop\/"},{"@type":"ListItem","position":3,"name":"Royal Canin Berger Allemand Adulte 11 Kg"}]},{"@type":"WebSite","@id":"https:\/\/snopet.ma\/market\/#website","url":"https:\/\/snopet.ma\/market\/","name":"Animalerie en ligne : nourriture, accessoires | Snopet","description":"","publisher":{"@id":"https:\/\/snopet.ma\/market\/#organization"},"potentialAction":[{"@type":"SearchAction","target":{"@type":"EntryPoint","urlTemplate":"https:\/\/snopet.ma\/market\/?s={search_term_string}"},"query-input":{"@type":"PropertyValueSpecification","valueRequired":true,"valueName":"search_term_string"}}],"inLanguage":"fr-FR"},{"@type":"Organization","@id":"https:\/\/snopet.ma\/market\/#organization","name":"MYHA WEB & TRADE","url":"https:\/\/snopet.ma\/market\/","logo":{"@type":"ImageObject","inLanguage":"fr-FR","@id":"https:\/\/snopet.ma\/market\/#\/schema\/logo\/image\/","url":"https:\/\/snopet.ma\/market\/wp-content\/uploads\/sites\/2\/2025\/08\/cropped-snopet-logo.png","contentUrl":"https:\/\/snopet.ma\/market\/wp-content\/uploads\/sites\/2\/2025\/08\/cropped-snopet-logo.png","width":555,"height":183,"caption":"MYHA WEB & TRADE"},"image":{"@id":"https:\/\/snopet.ma\/market\/#\/schema\/logo\/image\/"}}]}},"_links":{"self":[{"href":"https:\/\/snopet.ma\/market\/wp-json\/wp\/v2\/product\/6291","targetHints":{"allow":["GET"]}}],"collection":[{"href":"https:\/\/snopet.ma\/market\/wp-json\/wp\/v2\/product"}],"about":[{"href":"https:\/\/snopet.ma\/market\/wp-json\/wp\/v2\/types\/product"}],"replies":[{"embeddable":true,"href":"https:\/\/snopet.ma\/market\/wp-json\/wp\/v2\/comments?post=6291"}],"wp:featuredmedia":[{"embeddable":true,"href":"https:\/\/snopet.ma\/market\/wp-json\/wp\/v2\/media\/6292"}],"wp:attachment":[{"href":"https:\/\/snopet.ma\/market\/wp-json\/wp\/v2\/media?parent=6291"}],"wp:term":[{"taxonomy":"product_brand","embeddable":true,"href":"https:\/\/snopet.ma\/market\/wp-json\/wp\/v2\/product_brand?post=6291"},{"taxonomy":"product_cat","embeddable":true,"href":"https:\/\/snopet.ma\/market\/wp-json\/wp\/v2\/product_cat?post=6291"},{"taxonomy":"product_tag","embeddable":true,"href":"https:\/\/snopet.ma\/market\/wp-json\/wp\/v2\/product_tag?post=6291"}],"curies":[{"name":"wp","href":"https:\/\/api.w.org\/{rel}","templated":true}]}}