{"id":6103,"date":"2025-11-07T07:18:02","date_gmt":"2025-11-07T07:18:02","guid":{"rendered":"https:\/\/snopet.ma\/market\/?post_type=product&#038;p=6103"},"modified":"2025-11-07T07:18:02","modified_gmt":"2025-11-07T07:18:02","slug":"brit-care-sans-cereales-indoor-anti%e2%80%91stress-pour-chats-dinterieur","status":"publish","type":"product","link":"https:\/\/snopet.ma\/market\/produit\/brit-care-sans-cereales-indoor-anti%e2%80%91stress-pour-chats-dinterieur\/","title":{"rendered":"Brit Care Sans C\u00e9r\u00e9ales Indoor Anti\u2011Stress \u2013 Pour chats d\u2019int\u00e9rieur"},"content":{"rendered":"","protected":false},"excerpt":{"rendered":"<p>Formul\u00e9e pour les chats d\u2019int\u00e9rieur sensibles, Brit Care Indoor Anti\u2011Stress est une alimentation sans c\u00e9r\u00e9ales qui aide \u00e0 r\u00e9duire l\u2019anxi\u00e9t\u00e9 et favorise une digestion douce. Ingr\u00e9dients premium pour confort comportemental quotidien et sant\u00e9 optimale. Id\u00e9ale pour les propri\u00e9taires cherchant calme et qualit\u00e9.<\/p>\n","protected":false},"featured_media":6104,"comment_status":"open","ping_status":"closed","template":"","meta":{"_acf_changed":false},"product_brand":[516],"product_cat":[266,275,273],"product_tag":[532,530,520,531,533,529,534,444,517],"class_list":{"0":"post-6103","1":"product","2":"type-product","3":"status-publish","4":"has-post-thumbnail","6":"product_brand-brit","7":"product_cat-chats","8":"product_cat-croquettes-nourriture-seche-chat","9":"product_cat-croquettes-pates-chat","10":"product_tag-alimentation-chat","11":"product_tag-anti-stress","12":"product_tag-brit-care","13":"product_tag-chat-dinterieur","14":"product_tag-confort-comportemental","15":"product_tag-croquettes-chat-interieur","16":"product_tag-digestion-douce","17":"product_tag-livraison-maroc","18":"product_tag-sans-cereales","20":"first","21":"instock","22":"purchasable","23":"product-type-variable"},"acf":[],"yoast_head":"<!-- This site is optimized with the Yoast SEO plugin v27.4 - https:\/\/yoast.com\/product\/yoast-seo-wordpress\/ -->\n<title>Croquettes chat int\u00e9rieur Brit Care \u2014 Sans C\u00e9r\u00e9ales<\/title>\n<meta name=\"description\" content=\"Croquettes Brit Care Indoor Anti\u2011Stress pour chats d\u2019int\u00e9rieur. Formule sans c\u00e9r\u00e9ales pour calmer et soutenir la digestion. Livraison rapide au Maroc.\" \/>\n<meta name=\"robots\" content=\"index, follow, max-snippet:-1, max-image-preview:large, max-video-preview:-1\" \/>\n<link rel=\"canonical\" href=\"https:\/\/snopet.ma\/market\/produit\/brit-care-sans-cereales-indoor-anti\u2011stress-pour-chats-dinterieur\/\" \/>\n<meta property=\"og:locale\" content=\"fr_FR\" \/>\n<meta property=\"og:type\" content=\"article\" \/>\n<meta property=\"og:title\" content=\"Brit Care Indoor Anti\u2011Stress \u2014 Croquettes Sans C\u00e9r\u00e9ales pour chat d\u2019int\u00e9rieur\" \/>\n<meta property=\"og:description\" content=\"Croquettes Brit Care Indoor Anti\u2011Stress pour chats d\u2019int\u00e9rieur. Formule sans c\u00e9r\u00e9ales pour calmer et soutenir la digestion. Livraison rapide au Maroc.\" \/>\n<meta property=\"og:url\" content=\"https:\/\/snopet.ma\/market\/produit\/brit-care-sans-cereales-indoor-anti\u2011stress-pour-chats-dinterieur\/\" \/>\n<meta property=\"og:site_name\" content=\"Animalerie en ligne : nourriture, accessoires | Snopet\" \/>\n<meta property=\"og:image\" content=\"https:\/\/snopet.ma\/market\/wp-content\/uploads\/sites\/2\/2025\/11\/Brit-Care-Cat-Grain-Free-Indoor-Anti-stress-.jpg\" \/>\n\t<meta property=\"og:image:width\" content=\"800\" \/>\n\t<meta property=\"og:image:height\" content=\"800\" \/>\n\t<meta property=\"og:image:type\" content=\"image\/jpeg\" \/>\n<meta name=\"twitter:card\" content=\"summary_large_image\" \/>\n<meta name=\"twitter:label1\" content=\"Dur\u00e9e de lecture estim\u00e9e\" \/>\n\t<meta name=\"twitter:data1\" content=\"1 minute\" \/>\n<script type=\"application\/ld+json\" class=\"yoast-schema-graph\">{\"@context\":\"https:\\\/\\\/schema.org\",\"@graph\":[{\"@type\":\"WebPage\",\"@id\":\"https:\\\/\\\/snopet.ma\\\/market\\\/produit\\\/brit-care-sans-cereales-indoor-anti%e2%80%91stress-pour-chats-dinterieur\\\/\",\"url\":\"https:\\\/\\\/snopet.ma\\\/market\\\/produit\\\/brit-care-sans-cereales-indoor-anti%e2%80%91stress-pour-chats-dinterieur\\\/\",\"name\":\"Croquettes chat int\u00e9rieur Brit Care \u2014 Sans C\u00e9r\u00e9ales\",\"isPartOf\":{\"@id\":\"https:\\\/\\\/snopet.ma\\\/market\\\/#website\"},\"primaryImageOfPage\":{\"@id\":\"https:\\\/\\\/snopet.ma\\\/market\\\/produit\\\/brit-care-sans-cereales-indoor-anti%e2%80%91stress-pour-chats-dinterieur\\\/#primaryimage\"},\"image\":{\"@id\":\"https:\\\/\\\/snopet.ma\\\/market\\\/produit\\\/brit-care-sans-cereales-indoor-anti%e2%80%91stress-pour-chats-dinterieur\\\/#primaryimage\"},\"thumbnailUrl\":\"https:\\\/\\\/snopet.ma\\\/market\\\/wp-content\\\/uploads\\\/sites\\\/2\\\/2025\\\/11\\\/Brit-Care-Cat-Grain-Free-Indoor-Anti-stress-.jpg\",\"datePublished\":\"2025-11-07T07:18:02+00:00\",\"description\":\"Croquettes Brit Care Indoor Anti\u2011Stress pour chats d\u2019int\u00e9rieur. Formule sans c\u00e9r\u00e9ales pour calmer et soutenir la digestion. Livraison rapide au Maroc.\",\"breadcrumb\":{\"@id\":\"https:\\\/\\\/snopet.ma\\\/market\\\/produit\\\/brit-care-sans-cereales-indoor-anti%e2%80%91stress-pour-chats-dinterieur\\\/#breadcrumb\"},\"inLanguage\":\"fr-FR\",\"potentialAction\":[{\"@type\":\"ReadAction\",\"target\":[\"https:\\\/\\\/snopet.ma\\\/market\\\/produit\\\/brit-care-sans-cereales-indoor-anti%e2%80%91stress-pour-chats-dinterieur\\\/\"]}]},{\"@type\":\"ImageObject\",\"inLanguage\":\"fr-FR\",\"@id\":\"https:\\\/\\\/snopet.ma\\\/market\\\/produit\\\/brit-care-sans-cereales-indoor-anti%e2%80%91stress-pour-chats-dinterieur\\\/#primaryimage\",\"url\":\"https:\\\/\\\/snopet.ma\\\/market\\\/wp-content\\\/uploads\\\/sites\\\/2\\\/2025\\\/11\\\/Brit-Care-Cat-Grain-Free-Indoor-Anti-stress-.jpg\",\"contentUrl\":\"https:\\\/\\\/snopet.ma\\\/market\\\/wp-content\\\/uploads\\\/sites\\\/2\\\/2025\\\/11\\\/Brit-Care-Cat-Grain-Free-Indoor-Anti-stress-.jpg\",\"width\":800,\"height\":800,\"caption\":\"Brit Care Indoor Anti\u2011Stress pour chat d\u2019int\u00e9rieur \u2014 sac de croquettes sans c\u00e9r\u00e9ales\"},{\"@type\":\"BreadcrumbList\",\"@id\":\"https:\\\/\\\/snopet.ma\\\/market\\\/produit\\\/brit-care-sans-cereales-indoor-anti%e2%80%91stress-pour-chats-dinterieur\\\/#breadcrumb\",\"itemListElement\":[{\"@type\":\"ListItem\",\"position\":1,\"name\":\"Home\",\"item\":\"https:\\\/\\\/snopet.ma\\\/market\\\/\"},{\"@type\":\"ListItem\",\"position\":2,\"name\":\"index\",\"item\":\"https:\\\/\\\/snopet.ma\\\/market\\\/\"},{\"@type\":\"ListItem\",\"position\":3,\"name\":\"Brit Care Sans C\u00e9r\u00e9ales Indoor Anti\u2011Stress \u2013 Pour chats d\u2019int\u00e9rieur\"}]},{\"@type\":\"WebSite\",\"@id\":\"https:\\\/\\\/snopet.ma\\\/market\\\/#website\",\"url\":\"https:\\\/\\\/snopet.ma\\\/market\\\/\",\"name\":\"Animalerie en ligne : nourriture, accessoires | Snopet\",\"description\":\"\",\"publisher\":{\"@id\":\"https:\\\/\\\/snopet.ma\\\/market\\\/#organization\"},\"potentialAction\":[{\"@type\":\"SearchAction\",\"target\":{\"@type\":\"EntryPoint\",\"urlTemplate\":\"https:\\\/\\\/snopet.ma\\\/market\\\/?s={search_term_string}\"},\"query-input\":{\"@type\":\"PropertyValueSpecification\",\"valueRequired\":true,\"valueName\":\"search_term_string\"}}],\"inLanguage\":\"fr-FR\"},{\"@type\":\"Organization\",\"@id\":\"https:\\\/\\\/snopet.ma\\\/market\\\/#organization\",\"name\":\"MYHA WEB & TRADE\",\"url\":\"https:\\\/\\\/snopet.ma\\\/market\\\/\",\"logo\":{\"@type\":\"ImageObject\",\"inLanguage\":\"fr-FR\",\"@id\":\"https:\\\/\\\/snopet.ma\\\/market\\\/#\\\/schema\\\/logo\\\/image\\\/\",\"url\":\"https:\\\/\\\/snopet.ma\\\/market\\\/wp-content\\\/uploads\\\/sites\\\/2\\\/2025\\\/08\\\/cropped-snopet-logo.png\",\"contentUrl\":\"https:\\\/\\\/snopet.ma\\\/market\\\/wp-content\\\/uploads\\\/sites\\\/2\\\/2025\\\/08\\\/cropped-snopet-logo.png\",\"width\":555,\"height\":183,\"caption\":\"MYHA WEB & TRADE\"},\"image\":{\"@id\":\"https:\\\/\\\/snopet.ma\\\/market\\\/#\\\/schema\\\/logo\\\/image\\\/\"}}]}<\/script>\n<!-- \/ Yoast SEO plugin. -->","yoast_head_json":{"title":"Croquettes chat int\u00e9rieur Brit Care \u2014 Sans C\u00e9r\u00e9ales","description":"Croquettes Brit Care Indoor Anti\u2011Stress pour chats d\u2019int\u00e9rieur. Formule sans c\u00e9r\u00e9ales pour calmer et soutenir la digestion. Livraison rapide au Maroc.","robots":{"index":"index","follow":"follow","max-snippet":"max-snippet:-1","max-image-preview":"max-image-preview:large","max-video-preview":"max-video-preview:-1"},"canonical":"https:\/\/snopet.ma\/market\/produit\/brit-care-sans-cereales-indoor-anti\u2011stress-pour-chats-dinterieur\/","og_locale":"fr_FR","og_type":"article","og_title":"Brit Care Indoor Anti\u2011Stress \u2014 Croquettes Sans C\u00e9r\u00e9ales pour chat d\u2019int\u00e9rieur","og_description":"Croquettes Brit Care Indoor Anti\u2011Stress pour chats d\u2019int\u00e9rieur. Formule sans c\u00e9r\u00e9ales pour calmer et soutenir la digestion. Livraison rapide au Maroc.","og_url":"https:\/\/snopet.ma\/market\/produit\/brit-care-sans-cereales-indoor-anti\u2011stress-pour-chats-dinterieur\/","og_site_name":"Animalerie en ligne : nourriture, accessoires | Snopet","og_image":[{"width":800,"height":800,"url":"https:\/\/snopet.ma\/market\/wp-content\/uploads\/sites\/2\/2025\/11\/Brit-Care-Cat-Grain-Free-Indoor-Anti-stress-.jpg","type":"image\/jpeg"}],"twitter_card":"summary_large_image","twitter_misc":{"Dur\u00e9e de lecture estim\u00e9e":"1 minute"},"schema":{"@context":"https:\/\/schema.org","@graph":[{"@type":"WebPage","@id":"https:\/\/snopet.ma\/market\/produit\/brit-care-sans-cereales-indoor-anti%e2%80%91stress-pour-chats-dinterieur\/","url":"https:\/\/snopet.ma\/market\/produit\/brit-care-sans-cereales-indoor-anti%e2%80%91stress-pour-chats-dinterieur\/","name":"Croquettes chat int\u00e9rieur Brit Care \u2014 Sans C\u00e9r\u00e9ales","isPartOf":{"@id":"https:\/\/snopet.ma\/market\/#website"},"primaryImageOfPage":{"@id":"https:\/\/snopet.ma\/market\/produit\/brit-care-sans-cereales-indoor-anti%e2%80%91stress-pour-chats-dinterieur\/#primaryimage"},"image":{"@id":"https:\/\/snopet.ma\/market\/produit\/brit-care-sans-cereales-indoor-anti%e2%80%91stress-pour-chats-dinterieur\/#primaryimage"},"thumbnailUrl":"https:\/\/snopet.ma\/market\/wp-content\/uploads\/sites\/2\/2025\/11\/Brit-Care-Cat-Grain-Free-Indoor-Anti-stress-.jpg","datePublished":"2025-11-07T07:18:02+00:00","description":"Croquettes Brit Care Indoor Anti\u2011Stress pour chats d\u2019int\u00e9rieur. Formule sans c\u00e9r\u00e9ales pour calmer et soutenir la digestion. Livraison rapide au Maroc.","breadcrumb":{"@id":"https:\/\/snopet.ma\/market\/produit\/brit-care-sans-cereales-indoor-anti%e2%80%91stress-pour-chats-dinterieur\/#breadcrumb"},"inLanguage":"fr-FR","potentialAction":[{"@type":"ReadAction","target":["https:\/\/snopet.ma\/market\/produit\/brit-care-sans-cereales-indoor-anti%e2%80%91stress-pour-chats-dinterieur\/"]}]},{"@type":"ImageObject","inLanguage":"fr-FR","@id":"https:\/\/snopet.ma\/market\/produit\/brit-care-sans-cereales-indoor-anti%e2%80%91stress-pour-chats-dinterieur\/#primaryimage","url":"https:\/\/snopet.ma\/market\/wp-content\/uploads\/sites\/2\/2025\/11\/Brit-Care-Cat-Grain-Free-Indoor-Anti-stress-.jpg","contentUrl":"https:\/\/snopet.ma\/market\/wp-content\/uploads\/sites\/2\/2025\/11\/Brit-Care-Cat-Grain-Free-Indoor-Anti-stress-.jpg","width":800,"height":800,"caption":"Brit Care Indoor Anti\u2011Stress pour chat d\u2019int\u00e9rieur \u2014 sac de croquettes sans c\u00e9r\u00e9ales"},{"@type":"BreadcrumbList","@id":"https:\/\/snopet.ma\/market\/produit\/brit-care-sans-cereales-indoor-anti%e2%80%91stress-pour-chats-dinterieur\/#breadcrumb","itemListElement":[{"@type":"ListItem","position":1,"name":"Home","item":"https:\/\/snopet.ma\/market\/"},{"@type":"ListItem","position":2,"name":"index","item":"https:\/\/snopet.ma\/market\/"},{"@type":"ListItem","position":3,"name":"Brit Care Sans C\u00e9r\u00e9ales Indoor Anti\u2011Stress \u2013 Pour chats d\u2019int\u00e9rieur"}]},{"@type":"WebSite","@id":"https:\/\/snopet.ma\/market\/#website","url":"https:\/\/snopet.ma\/market\/","name":"Animalerie en ligne : nourriture, accessoires | Snopet","description":"","publisher":{"@id":"https:\/\/snopet.ma\/market\/#organization"},"potentialAction":[{"@type":"SearchAction","target":{"@type":"EntryPoint","urlTemplate":"https:\/\/snopet.ma\/market\/?s={search_term_string}"},"query-input":{"@type":"PropertyValueSpecification","valueRequired":true,"valueName":"search_term_string"}}],"inLanguage":"fr-FR"},{"@type":"Organization","@id":"https:\/\/snopet.ma\/market\/#organization","name":"MYHA WEB & TRADE","url":"https:\/\/snopet.ma\/market\/","logo":{"@type":"ImageObject","inLanguage":"fr-FR","@id":"https:\/\/snopet.ma\/market\/#\/schema\/logo\/image\/","url":"https:\/\/snopet.ma\/market\/wp-content\/uploads\/sites\/2\/2025\/08\/cropped-snopet-logo.png","contentUrl":"https:\/\/snopet.ma\/market\/wp-content\/uploads\/sites\/2\/2025\/08\/cropped-snopet-logo.png","width":555,"height":183,"caption":"MYHA WEB & TRADE"},"image":{"@id":"https:\/\/snopet.ma\/market\/#\/schema\/logo\/image\/"}}]}},"_links":{"self":[{"href":"https:\/\/snopet.ma\/market\/wp-json\/wp\/v2\/product\/6103","targetHints":{"allow":["GET"]}}],"collection":[{"href":"https:\/\/snopet.ma\/market\/wp-json\/wp\/v2\/product"}],"about":[{"href":"https:\/\/snopet.ma\/market\/wp-json\/wp\/v2\/types\/product"}],"replies":[{"embeddable":true,"href":"https:\/\/snopet.ma\/market\/wp-json\/wp\/v2\/comments?post=6103"}],"wp:featuredmedia":[{"embeddable":true,"href":"https:\/\/snopet.ma\/market\/wp-json\/wp\/v2\/media\/6104"}],"wp:attachment":[{"href":"https:\/\/snopet.ma\/market\/wp-json\/wp\/v2\/media?parent=6103"}],"wp:term":[{"taxonomy":"product_brand","embeddable":true,"href":"https:\/\/snopet.ma\/market\/wp-json\/wp\/v2\/product_brand?post=6103"},{"taxonomy":"product_cat","embeddable":true,"href":"https:\/\/snopet.ma\/market\/wp-json\/wp\/v2\/product_cat?post=6103"},{"taxonomy":"product_tag","embeddable":true,"href":"https:\/\/snopet.ma\/market\/wp-json\/wp\/v2\/product_tag?post=6103"}],"curies":[{"name":"wp","href":"https:\/\/api.w.org\/{rel}","templated":true}]}}