{"id":9068,"date":"2025-09-11T04:33:20","date_gmt":"2025-09-11T04:33:20","guid":{"rendered":"https:\/\/snopet.ma\/magazine\/?page_id=9068"},"modified":"2025-09-22T00:33:48","modified_gmt":"2025-09-22T00:33:48","slug":"rubrique-animaux-de-ferme","status":"publish","type":"page","link":"https:\/\/snopet.ma\/magazine\/rubrique-animaux-de-ferme\/","title":{"rendered":"Rubrique Animaux de Ferme"},"content":{"rendered":"\t\t<div data-elementor-type=\"wp-page\" data-elementor-id=\"9068\" class=\"elementor elementor-9068\">\n\t\t\t\t<div class=\"elementor-element elementor-element-921c9d6 e-flex e-con-boxed e-con e-parent\" data-id=\"921c9d6\" data-element_type=\"container\" data-e-type=\"container\">\n\t\t\t\t\t<div class=\"e-con-inner\">\n\t\t\t\t<div class=\"elementor-element elementor-element-b3eb35a elementor-widget elementor-widget-heading\" data-id=\"b3eb35a\" data-element_type=\"widget\" data-e-type=\"widget\" data-widget_type=\"heading.default\">\n\t\t\t\t\t<h1 class=\"elementor-heading-title elementor-size-default\">Animaux de Ferme<\/h1>\t\t\t\t<\/div>\n\t\t\t\t\t<\/div>\n\t\t\t\t<\/div>\n\t\t<div class=\"elementor-element elementor-element-d26c5a6 e-con-full e-flex e-con e-parent\" data-id=\"d26c5a6\" data-element_type=\"container\" data-e-type=\"container\" data-settings=\"{&quot;background_background&quot;:&quot;classic&quot;}\">\n\t\t\t\t<div class=\"elementor-element elementor-element-23cdfee elementor-widget elementor-widget-text-editor\" data-id=\"23cdfee\" data-element_type=\"widget\" data-e-type=\"widget\" data-widget_type=\"text-editor.default\">\n\t\t\t\t\t\t\t\t\tBienvenue dans la <strong style=\"color: #916026;\">Rubrique Animaux de Ferme<\/strong>, l\u2019espace \u00e9ditorial d\u00e9di\u00e9 aux compagnons de l\u2019\u00e9levage : poules, ch\u00e8vres, moutons, bovins et autres. Alimentation, habitat, sant\u00e9 ou mat\u00e9riel, explorez nos contenus pour mieux g\u00e9rer votre ferme au quotidien. Pour aller plus loin, d\u00e9couvrez notre s\u00e9lection <a style=\"color: #916026;\" href=\"https:\/\/snopet.ma\/market\/categorie-produit\/ferme\/alimentation-ferme\/\"><strong style=\"color: #916026;\">d\u2019aliments<\/strong><\/a> pour animaux de ferme ou parcourez nos <a style=\"color: #916026;\" href=\"https:\/\/snopet.ma\/market\/categorie-produit\/ferme\/materiel-ferme\/\"><strong style=\"color: #916026;\">mat\u00e9riels et \u00e9quipements<\/strong><\/a> sur Snopet Market.\n\t\t\t\t\t\t\t\t<\/div>\n\t\t\t\t<\/div>\n\t\t<div class=\"elementor-element elementor-element-92cd6e7 e-con-full e-flex e-con e-parent\" data-id=\"92cd6e7\" data-element_type=\"container\" data-e-type=\"container\" data-settings=\"{&quot;background_background&quot;:&quot;classic&quot;}\">\n\t\t\t\t<div class=\"elementor-element elementor-element-47a3a22 elementor-widget elementor-widget-html\" data-id=\"47a3a22\" data-element_type=\"widget\" data-e-type=\"widget\" data-widget_type=\"html.default\">\n\t\t\t\t\t<style>\n  .spotlight-wrapper {\n    max-width: 1200px;\n    margin: auto;\n    font-family: Arial, sans-serif;\n    padding: 20px 0;\n    display: flex;\n    flex-wrap: wrap;\n    gap: 3%;\n  }\n\n  .spotlight-main {\n    flex: 0 0 65%;\n    position: relative;\n  }\n\n  .spotlight-side {\n    flex: 0 0 32%;\n    display: flex;\n    flex-direction: column;\n    gap: 20px;\n  }\n.spotlight-title {\n  background-color: #a3d133;\n  color: #ffffff;\n  border-left: 4px solid #916026;\n  border-bottom: 4px solid #916026;\n  border-top: 1px solid #916026;\n  border-right: 1px solid #916026;\n  border-radius: 4px;\n  font-size: 1.6em;\n  margin-bottom: 16px;\n  padding: 12px 20px;\n  display: block;\n  width: 90%;\n  box-sizing: border-box;\n}\n\n.spotlight-side-title {\n  background-color: #a3d133;\n  color: #ffffff;\n  border-left: 4px solid #916026;\n  border-bottom: 4px solid #916026;\n  border-top: 1px solid #916026;\n  border-right: 1px solid #916026;\n  border-radius: 4px;\n  font-size: 1.6em;\n  margin-bottom: 16px;\n  padding: 12px 20px;\n  display: block;\n  width: 90%;\n  box-sizing: border-box;\n}\n  .carousel-container {\n    position: relative;\n    overflow: hidden;\n    width: 100%;\n  }\n\n  .carousel-track {\n    display: flex;\n    transition: transform 0.5s ease;\n    gap: 20px;\n  }\n\n  .carousel-item {\n    min-width: 100%;\n    flex-shrink: 0;\n    position: relative;\n    box-sizing: border-box;\n    padding: 0 10px;\n  }\n\n  .carousel-item img {\n    width: 100%;\n    max-width: 690px;\n    height: auto;\n    max-height: 377px;\n    object-fit: cover;\n    border-radius: 4px;\n    display: block;\n    margin: 0 auto;\n  }\n\n  .carousel-item h2 {\n    position: absolute;\n    bottom: 20px;\n    left: 20px;\n    background: rgba(0,0,0,0.6);\n    color: #fff;\n    padding: 10px 15px;\n    font-size: 1.4em;\n    border-radius: 4px;\n    max-width: 90%;\n  }\n\n  .carousel-nav {\n    position: absolute;\n    top: 50%;\n    transform: translateY(-50%);\n    background: rgba(255,255,255,0.8);\n    border: none;\n    font-size: 2em;\n    cursor: pointer;\n    z-index: 2;\n  }\n\n  .carousel-prev {\n    left: 10px;\n  }\n\n  .carousel-next {\n    right: 10px;\n  }\n\n  .spotlight-article {\n    display: flex;\n    gap: 10px;\n    align-items: center;\n  }\n\n  .spotlight-article img {\n    width: 100px;\n    height: 55px;\n    object-fit: cover;\n    border-radius: 6px;\n  }\n\n  .spotlight-article h3 {\n    font-size: 1em;\n    margin: 0;\n    color: #916026;\n  }\n\n  \/* TABLET *\/\n  @media (max-width: 1024px) {\n    .carousel-item img {\n      max-width: 100%;\n      max-height: 280px;\n    }\n  }\n\n  \/* MOBILE *\/\n  @media (max-width: 768px) {\n    .spotlight-wrapper {\n      flex-direction: column;\n    }\n\n    .spotlight-main,\n    .spotlight-side {\n      flex: 1 1 100%;\n    }\n\n    .carousel-container {\n      width: 100%;\n      overflow-x: hidden;\n      position: relative;\n    }\n\n    .carousel-track {\n      width: 100%;\n      gap: 10px;\n      margin: 0;\n      padding: 0;\n      transform: translateX(0);\n    }\n\n    .carousel-item {\n      min-width: 100%;\n      box-sizing: border-box;\n      padding: 0 10px;\n    }\n\n    .carousel-item img {\n      max-width: 340px;\n      height: auto;\n      max-height: 186px;\n      margin: 0 auto;\n    }\n\n    .carousel-item h2 {\n      position: static;\n      background: none;\n      color: #916026;\n      padding: 0;\n      margin-top: 8px;\n      font-size: 1em;\n      line-height: 1.3em;\n    }\n\n    .carousel-nav {\n      font-size: 1.5em;\n      z-index: 2;\n    }\n\n    .carousel-prev,\n    .carousel-next {\n      top: 45%;\n      transform: translateY(-50%);\n    }\n  }\n<\/style>\n\n\n<div class=\"spotlight-wrapper\">\n\n  <!-- Bloc vedette -->\n  <div class=\"spotlight-main\">\n    <div class=\"spotlight-title\">\u00c0 la une<\/div>\n    <div class=\"carousel-container\">\n      <button class=\"carousel-nav carousel-prev\">&#10094;<\/button>\n      <div class=\"carousel-track\">\n        <div class=\"carousel-item\">\n          <a href=\"https:\/\/snopet.ma\/magazine\/2025\/08\/27\/maladies-des-poules-le-guide-complet-de-a-a-z\/\">\n            <img decoding=\"async\" src=\"https:\/\/snopet.ma\/magazine\/wp-content\/uploads\/sites\/3\/2025\/08\/Maladies-des-poules.jpg\" alt=\"illustration d'un groupe de poule qui se renseigne\">\n            <h2>Maladies des poules : le guide complet de A \u00e0 Z <\/h2>\n          <\/a>\n        <\/div>\n        <div class=\"carousel-item\">\n          <a href=\"https:\/\/snopet.ma\/magazine\/2025\/08\/28\/la-maladie-hemorragique-virale-du-lapin-prevention-causes-et-soins\/\">\n            <img decoding=\"async\" src=\"https:\/\/snopet.ma\/magazine\/wp-content\/uploads\/sites\/3\/2025\/08\/lapin-maladie-viral.jpg\" alt=\"un lapin en compagnie d'un v\u00e9t\u00e9rinaire\">\n            <h2> La maladie h\u00e9morragique virale du lapin : Pr\u00e9vention, causes<\/h2>\n          <\/a>\n        <\/div>\n        <div class=\"carousel-item\">\n          <a href=\"https:\/\/snopet.ma\/magazine\/2025\/08\/28\/maladies-courantes-chez-les-bovins\/\">\n            <img decoding=\"async\" src=\"https:\/\/snopet.ma\/magazine\/wp-content\/uploads\/sites\/3\/2025\/08\/Maladies-courantes-chez-les-bovins.jpg\" alt=\"un bovin qui se fait soigner par v\u00e9t\u00e9rinaire\">\n            <h2> Maladies courantes chez les bovins : Sympt\u00f4mes et traitements<\/h2>\n          <\/a>\n        <\/div>\n        <div class=\"carousel-item\">\n          <a href=\"https:\/\/snopet.ma\/magazine\/2025\/08\/28\/empoisonnement-du-chat-guide-des-premiers-secours\/\">\n            <img decoding=\"async\" src=\"https:\/\/snopet.ma\/magazine\/wp-content\/uploads\/sites\/3\/2025\/09\/Empoisonnement-du-chat-guide-des-premiers-secours.jpg\" alt=\"une femme au secours d'un chat empoisonn\u00e9\">\n            <h2>Empoisonnement du chat : guide des...<\/h2>\n          <\/a>\n        <\/div>\n      <\/div>\n      <button class=\"carousel-nav carousel-next\">&#10095;<\/button>\n    <\/div>\n  <\/div>\n\n  <!-- Bloc secondaire -->\n  <div class=\"spotlight-side\">\n    <div class=\"spotlight-side-title\">Actus & News<\/div>\n\n    <div class=\"spotlight-article\">\n        \n      <a href=\"https:\/\/snopet.ma\/magazine\/2025\/08\/28\/la-reproduction-des-chevres\/\">\n          <div class=\"image-wrapper\">\n        <img decoding=\"async\" src=\"https:\/\/snopet.ma\/magazine\/wp-content\/uploads\/sites\/3\/2025\/08\/tout-savoir-sur-la-reproduction-des-chevres.jpg\" alt=\"une ch\u00e8vre avec ses chevrons\"><\/div>\n      <\/a>\n      <a href=\"https:\/\/snopet.ma\/magazine\/2025\/08\/28\/la-reproduction-des-chevres\/\">\n        <h3>Tout savoir sur la reproduction des ch\u00e8vres<\/h3>\n         <div style=\"margin: 6px 0; font-size: 0.85em; color: #916026;\">\n      \u23f1\ufe0f 5 min  \ud83d\uddd3 01 Sept 2025\n    <\/div>\n      <\/a>\n    <\/div>\n\n    <div class=\"spotlight-article\">\n      <a href=\"https:\/\/snopet.ma\/magazine\/2025\/08\/28\/la-maladie-hemorragique-virale-du-lapin-prevention-causes-et-soins\/\"><div class=\"image-wrapper\">\n        <img decoding=\"async\" src=\"https:\/\/snopet.ma\/magazine\/wp-content\/uploads\/sites\/3\/2025\/08\/lapin-maladie-viral.jpg\" alt=\"La maladie h\u00e9morragique virale du lapin : Pr\u00e9vention, causes et soins\"><\/div>\n      <\/a>\n      <a href=\"https:\/\/snopet.ma\/magazine\/2025\/08\/28\/la-maladie-hemorragique-virale-du-lapin-prevention-causes-et-soins\/\">\n        <h3>La maladie h\u00e9morragique virale du lapin : Pr\u00e9vention, causes et soins<\/h3>\n         <div style=\"margin: 6px 0; font-size: 0.85em; color: #916026;\">\n      \u23f1\ufe0f 5 min  \ud83d\uddd328 Ao\u00fbt 2025\n    <\/div>\n      <\/a>\n    <\/div>\n\n    <div class=\"spotlight-article\">\n      <a href=\"https:\/\/snopet.ma\/magazine\/2025\/08\/28\/maladies-courantes-chez-les-bovins\/\">\n          <div class=\"image-wrapper\">\n        <img decoding=\"async\" src=\"https:\/\/snopet.ma\/magazine\/wp-content\/uploads\/sites\/3\/2025\/08\/Maladies-courantes-chez-les-bovins.jpg\" alt=\"Maladies courantes chez les bovins : Sympt\u00f4mes et traitements\"><\/div>\n      <\/a>\n      <a href=\"https:\/\/snopet.ma\/magazine\/2025\/08\/28\/maladies-courantes-chez-les-bovins\/\">\n        <h3>Maladies courantes chez les bovins : Sympt\u00f4mes et traitements<\/h3>\n         <div style=\"margin: 6px 0; font-size: 0.85em; color: #916026;\">\n      \u23f1\ufe0f 5 min  \ud83d\uddd328 Ao\u00fbt 2025\n    <\/div>\n      <\/a>\n    <\/div>\n    <div class=\"spotlight-article\">\n      <a href=\"https:\/\/snopet.ma\/magazine\/2025\/08\/28\/maladies-des-cailles\/\"><div class=\"image-wrapper\">\n        <img decoding=\"async\" src=\"https:\/\/snopet.ma\/magazine\/wp-content\/uploads\/sites\/3\/2025\/08\/Maladies-des-cailles.jpg\" alt=\"Maladies des cailles : sympt\u00f4mes, causes et traitements efficaces\"><\/div>\n      <\/a>\n      <a href=\"https:\/\/snopet.ma\/magazine\/2025\/08\/28\/maladies-des-cailles\/\">\n        <h3>Maladies des cailles : sympt\u00f4mes, causes et traitements efficaces<\/h3>\n         <div style=\"margin: 6px 0; font-size: 0.85em; color: #916026;\">\n      \u23f1\ufe0f 5 min  \ud83d\uddd3 28 Ao\u00fbt 2025\n    <\/div>\n      <\/a>\n    <\/div>\n  <\/div>\n<\/div>\n\n<script>\n  const track = document.querySelector('.carousel-track');\n  const prev = document.querySelector('.carousel-prev');\n  const next = document.querySelector('.carousel-next');\n  let index = 0;\n\n  function updateCarousel() {\n    const itemWidth = track.children[0].offsetWidth + 20;\n    track.style.transform = `translateX(-${index * itemWidth}px)`;\n  }\n\n  next.addEventListener('click', () => {\n    if (index < track.children.length - 1) index++;\n    updateCarousel();\n  });\n\n  prev.addEventListener('click', () => {\n    if (index > 0) index--;\n    updateCarousel();\n  });\n\n  setInterval(() => {\n    index = (index + 1) % track.children.length;\n    updateCarousel();\n  }, 5000);\n<\/script>\n\t\t\t\t<\/div>\n\t\t\t\t<\/div>\n\t\t<div class=\"elementor-element elementor-element-c6efb56 e-con-full e-flex e-con e-parent\" data-id=\"c6efb56\" data-element_type=\"container\" data-e-type=\"container\">\n\t\t\t\t<div class=\"elementor-element elementor-element-9a99e13 elementor-widget elementor-widget-html\" data-id=\"9a99e13\" data-element_type=\"widget\" data-e-type=\"widget\" data-widget_type=\"html.default\">\n\t\t\t\t\t<script async src=\"https:\/\/pagead2.googlesyndication.com\/pagead\/js\/adsbygoogle.js?client=ca-pub-8366800448950753\"\n     crossorigin=\"anonymous\"><\/script>\n<ins class=\"adsbygoogle\"\n     style=\"display:block\"\n     data-ad-format=\"fluid\"\n     data-ad-layout-key=\"-ih+6-k-2f+6d\"\n     data-ad-client=\"ca-pub-8366800448950753\"\n     data-ad-slot=\"2820073489\"><\/ins>\n<script>\n     (adsbygoogle = window.adsbygoogle || []).push({});\n<\/script>\t\t\t\t<\/div>\n\t\t\t\t<\/div>\n\t\t<div class=\"elementor-element elementor-element-482dc7d e-con-full e-flex e-con e-parent\" data-id=\"482dc7d\" data-element_type=\"container\" data-e-type=\"container\">\n\t\t\t\t<div class=\"elementor-element elementor-element-e545e9d elementor-widget elementor-widget-html\" data-id=\"e545e9d\" data-element_type=\"widget\" data-e-type=\"widget\" data-widget_type=\"html.default\">\n\t\t\t\t\t<section class=\"bloc-abonnement d-flex\">\n  <div class=\"abonnement-visuel\">\n    <img decoding=\"async\" src=\"https:\/\/snopet.ma\/magazine\/wp-content\/uploads\/sites\/3\/2025\/09\/news-letter.png\" alt=\"abonnement Snopet Magazine\">\n  <\/div>\n  <div class=\"abonnement-contenu\">\n    <h2>Abonnez-vous au Magazine Snopet<\/h2>\n    <p>Recevez chaque mois des articles exclusifs, des conseils experts et des histoires inspirantes sur vos compagnons.<\/p>\n    <a href=\"https:\/\/snopet.ma\/market\/my-account\/\" class=\"btn-snopet\">Je m\u2019abonne<\/a>\n  <\/div>\n<\/section>\n\t\t\t\t<\/div>\n\t\t\t\t<\/div>\n\t\t\t\t<\/div>\n\t\t","protected":false},"excerpt":{"rendered":"<p>Animaux de Ferme Bienvenue dans la Rubrique Animaux de Ferme, l\u2019espace \u00e9ditorial d\u00e9di\u00e9 aux compagnons de l\u2019\u00e9levage : poules, ch\u00e8vres, moutons, bovins et autres. Alimentation, habitat, sant\u00e9 ou mat\u00e9riel, explorez<\/p>\n","protected":false},"author":1,"featured_media":0,"parent":0,"menu_order":0,"comment_status":"closed","ping_status":"closed","template":"","meta":{"footnotes":""},"categorie_magazine":[],"class_list":["post-9068","page","type-page","status-publish","hentry"],"yoast_head":"<!-- This site is optimized with the Yoast SEO plugin v27.4 - https:\/\/yoast.com\/product\/yoast-seo-wordpress\/ -->\n<title>Sant\u00e9 &amp; \u00e9levage animaux de ferme \u2013 Magazine Snopet<\/title>\n<meta name=\"description\" content=\"Tout sur les animaux de ferme : sant\u00e9, alimentation, \u00e9levage. Conseils pratiques pour mieux les nourrir, les soigner et les \u00e9lever au quotidien.\" \/>\n<meta name=\"robots\" content=\"index, follow, max-snippet:-1, max-image-preview:large, max-video-preview:-1\" \/>\n<link rel=\"canonical\" href=\"https:\/\/snopet.ma\/magazine\/rubrique-animaux-de-ferme\/\" \/>\n<meta property=\"og:locale\" content=\"fr_FR\" \/>\n<meta property=\"og:type\" content=\"article\" \/>\n<meta property=\"og:title\" content=\"\u00c9lever et soigner ses animaux de ferme \u2013 Magazine Snopet\" \/>\n<meta property=\"og:description\" content=\"Sant\u00e9, alimentation, \u00e9levage : nos conseils pour prendre soin de vos animaux de ferme au quotidien, avec respect et efficacit\u00e9.\" \/>\n<meta property=\"og:url\" content=\"https:\/\/snopet.ma\/magazine\/rubrique-animaux-de-ferme\/\" \/>\n<meta property=\"og:site_name\" content=\"Snopet Magazine : Conseils et actualit\u00e9s pour les animaux.\" \/>\n<meta property=\"article:modified_time\" content=\"2025-09-22T00:33:48+00:00\" \/>\n<meta property=\"og:image\" content=\"https:\/\/snopet.ma\/magazine\/wp-content\/uploads\/sites\/3\/2025\/08\/Maladies-des-poules.jpg\" \/>\n<meta name=\"twitter:card\" content=\"summary_large_image\" \/>\n<meta name=\"twitter:label1\" content=\"Dur\u00e9e de lecture estim\u00e9e\" \/>\n\t<meta name=\"twitter:data1\" content=\"7 minutes\" \/>\n<script type=\"application\/ld+json\" class=\"yoast-schema-graph\">{\"@context\":\"https:\\\/\\\/schema.org\",\"@graph\":[{\"@type\":\"WebPage\",\"@id\":\"https:\\\/\\\/snopet.ma\\\/magazine\\\/rubrique-animaux-de-ferme\\\/\",\"url\":\"https:\\\/\\\/snopet.ma\\\/magazine\\\/rubrique-animaux-de-ferme\\\/\",\"name\":\"Sant\u00e9 & \u00e9levage animaux de ferme \u2013 Magazine Snopet\",\"isPartOf\":{\"@id\":\"https:\\\/\\\/snopet.ma\\\/magazine\\\/#website\"},\"primaryImageOfPage\":{\"@id\":\"https:\\\/\\\/snopet.ma\\\/magazine\\\/rubrique-animaux-de-ferme\\\/#primaryimage\"},\"image\":{\"@id\":\"https:\\\/\\\/snopet.ma\\\/magazine\\\/rubrique-animaux-de-ferme\\\/#primaryimage\"},\"thumbnailUrl\":\"https:\\\/\\\/snopet.ma\\\/magazine\\\/wp-content\\\/uploads\\\/sites\\\/3\\\/2025\\\/08\\\/Maladies-des-poules.jpg\",\"datePublished\":\"2025-09-11T04:33:20+00:00\",\"dateModified\":\"2025-09-22T00:33:48+00:00\",\"description\":\"Tout sur les animaux de ferme : sant\u00e9, alimentation, \u00e9levage. Conseils pratiques pour mieux les nourrir, les soigner et les \u00e9lever au quotidien.\",\"breadcrumb\":{\"@id\":\"https:\\\/\\\/snopet.ma\\\/magazine\\\/rubrique-animaux-de-ferme\\\/#breadcrumb\"},\"inLanguage\":\"fr-FR\",\"potentialAction\":[{\"@type\":\"ReadAction\",\"target\":[\"https:\\\/\\\/snopet.ma\\\/magazine\\\/rubrique-animaux-de-ferme\\\/\"]}]},{\"@type\":\"ImageObject\",\"inLanguage\":\"fr-FR\",\"@id\":\"https:\\\/\\\/snopet.ma\\\/magazine\\\/rubrique-animaux-de-ferme\\\/#primaryimage\",\"url\":\"https:\\\/\\\/snopet.ma\\\/magazine\\\/wp-content\\\/uploads\\\/sites\\\/3\\\/2025\\\/08\\\/Maladies-des-poules.jpg\",\"contentUrl\":\"https:\\\/\\\/snopet.ma\\\/magazine\\\/wp-content\\\/uploads\\\/sites\\\/3\\\/2025\\\/08\\\/Maladies-des-poules.jpg\",\"width\":1200,\"height\":655,\"caption\":\"illustration de poules et de coqs\"},{\"@type\":\"BreadcrumbList\",\"@id\":\"https:\\\/\\\/snopet.ma\\\/magazine\\\/rubrique-animaux-de-ferme\\\/#breadcrumb\",\"itemListElement\":[{\"@type\":\"ListItem\",\"position\":1,\"name\":\"Home\",\"item\":\"https:\\\/\\\/snopet.ma\\\/magazine\\\/\"},{\"@type\":\"ListItem\",\"position\":2,\"name\":\"Rubrique Animaux de Ferme\"}]},{\"@type\":\"WebSite\",\"@id\":\"https:\\\/\\\/snopet.ma\\\/magazine\\\/#website\",\"url\":\"https:\\\/\\\/snopet.ma\\\/magazine\\\/\",\"name\":\"Snopet Magazine : Conseils et actualit\u00e9s pour les animaux.\",\"description\":\"\",\"publisher\":{\"@id\":\"https:\\\/\\\/snopet.ma\\\/magazine\\\/#\\\/schema\\\/person\\\/055d8504505afd38df2b4e307ad08808\"},\"potentialAction\":[{\"@type\":\"SearchAction\",\"target\":{\"@type\":\"EntryPoint\",\"urlTemplate\":\"https:\\\/\\\/snopet.ma\\\/magazine\\\/?s={search_term_string}\"},\"query-input\":{\"@type\":\"PropertyValueSpecification\",\"valueRequired\":true,\"valueName\":\"search_term_string\"}}],\"inLanguage\":\"fr-FR\"},{\"@type\":[\"Person\",\"Organization\"],\"@id\":\"https:\\\/\\\/snopet.ma\\\/magazine\\\/#\\\/schema\\\/person\\\/055d8504505afd38df2b4e307ad08808\",\"name\":\"myha\",\"image\":{\"@type\":\"ImageObject\",\"inLanguage\":\"fr-FR\",\"@id\":\"https:\\\/\\\/snopet.ma\\\/magazine\\\/wp-content\\\/uploads\\\/sites\\\/3\\\/2025\\\/08\\\/cropped-snopet-logo-mobile.png\",\"url\":\"https:\\\/\\\/snopet.ma\\\/magazine\\\/wp-content\\\/uploads\\\/sites\\\/3\\\/2025\\\/08\\\/cropped-snopet-logo-mobile.png\",\"contentUrl\":\"https:\\\/\\\/snopet.ma\\\/magazine\\\/wp-content\\\/uploads\\\/sites\\\/3\\\/2025\\\/08\\\/cropped-snopet-logo-mobile.png\",\"width\":555,\"height\":198,\"caption\":\"myha\"},\"logo\":{\"@id\":\"https:\\\/\\\/snopet.ma\\\/magazine\\\/wp-content\\\/uploads\\\/sites\\\/3\\\/2025\\\/08\\\/cropped-snopet-logo-mobile.png\"},\"sameAs\":[\"https:\\\/\\\/snopet.ma\"]}]}<\/script>\n<!-- \/ Yoast SEO plugin. -->","yoast_head_json":{"title":"Sant\u00e9 & \u00e9levage animaux de ferme \u2013 Magazine Snopet","description":"Tout sur les animaux de ferme : sant\u00e9, alimentation, \u00e9levage. Conseils pratiques pour mieux les nourrir, les soigner et les \u00e9lever au quotidien.","robots":{"index":"index","follow":"follow","max-snippet":"max-snippet:-1","max-image-preview":"max-image-preview:large","max-video-preview":"max-video-preview:-1"},"canonical":"https:\/\/snopet.ma\/magazine\/rubrique-animaux-de-ferme\/","og_locale":"fr_FR","og_type":"article","og_title":"\u00c9lever et soigner ses animaux de ferme \u2013 Magazine Snopet","og_description":"Sant\u00e9, alimentation, \u00e9levage : nos conseils pour prendre soin de vos animaux de ferme au quotidien, avec respect et efficacit\u00e9.","og_url":"https:\/\/snopet.ma\/magazine\/rubrique-animaux-de-ferme\/","og_site_name":"Snopet Magazine : Conseils et actualit\u00e9s pour les animaux.","article_modified_time":"2025-09-22T00:33:48+00:00","og_image":[{"url":"https:\/\/snopet.ma\/magazine\/wp-content\/uploads\/sites\/3\/2025\/08\/Maladies-des-poules.jpg","type":"","width":"","height":""}],"twitter_card":"summary_large_image","twitter_misc":{"Dur\u00e9e de lecture estim\u00e9e":"7 minutes"},"schema":{"@context":"https:\/\/schema.org","@graph":[{"@type":"WebPage","@id":"https:\/\/snopet.ma\/magazine\/rubrique-animaux-de-ferme\/","url":"https:\/\/snopet.ma\/magazine\/rubrique-animaux-de-ferme\/","name":"Sant\u00e9 & \u00e9levage animaux de ferme \u2013 Magazine Snopet","isPartOf":{"@id":"https:\/\/snopet.ma\/magazine\/#website"},"primaryImageOfPage":{"@id":"https:\/\/snopet.ma\/magazine\/rubrique-animaux-de-ferme\/#primaryimage"},"image":{"@id":"https:\/\/snopet.ma\/magazine\/rubrique-animaux-de-ferme\/#primaryimage"},"thumbnailUrl":"https:\/\/snopet.ma\/magazine\/wp-content\/uploads\/sites\/3\/2025\/08\/Maladies-des-poules.jpg","datePublished":"2025-09-11T04:33:20+00:00","dateModified":"2025-09-22T00:33:48+00:00","description":"Tout sur les animaux de ferme : sant\u00e9, alimentation, \u00e9levage. Conseils pratiques pour mieux les nourrir, les soigner et les \u00e9lever au quotidien.","breadcrumb":{"@id":"https:\/\/snopet.ma\/magazine\/rubrique-animaux-de-ferme\/#breadcrumb"},"inLanguage":"fr-FR","potentialAction":[{"@type":"ReadAction","target":["https:\/\/snopet.ma\/magazine\/rubrique-animaux-de-ferme\/"]}]},{"@type":"ImageObject","inLanguage":"fr-FR","@id":"https:\/\/snopet.ma\/magazine\/rubrique-animaux-de-ferme\/#primaryimage","url":"https:\/\/snopet.ma\/magazine\/wp-content\/uploads\/sites\/3\/2025\/08\/Maladies-des-poules.jpg","contentUrl":"https:\/\/snopet.ma\/magazine\/wp-content\/uploads\/sites\/3\/2025\/08\/Maladies-des-poules.jpg","width":1200,"height":655,"caption":"illustration de poules et de coqs"},{"@type":"BreadcrumbList","@id":"https:\/\/snopet.ma\/magazine\/rubrique-animaux-de-ferme\/#breadcrumb","itemListElement":[{"@type":"ListItem","position":1,"name":"Home","item":"https:\/\/snopet.ma\/magazine\/"},{"@type":"ListItem","position":2,"name":"Rubrique Animaux de Ferme"}]},{"@type":"WebSite","@id":"https:\/\/snopet.ma\/magazine\/#website","url":"https:\/\/snopet.ma\/magazine\/","name":"Snopet Magazine : Conseils et actualit\u00e9s pour les animaux.","description":"","publisher":{"@id":"https:\/\/snopet.ma\/magazine\/#\/schema\/person\/055d8504505afd38df2b4e307ad08808"},"potentialAction":[{"@type":"SearchAction","target":{"@type":"EntryPoint","urlTemplate":"https:\/\/snopet.ma\/magazine\/?s={search_term_string}"},"query-input":{"@type":"PropertyValueSpecification","valueRequired":true,"valueName":"search_term_string"}}],"inLanguage":"fr-FR"},{"@type":["Person","Organization"],"@id":"https:\/\/snopet.ma\/magazine\/#\/schema\/person\/055d8504505afd38df2b4e307ad08808","name":"myha","image":{"@type":"ImageObject","inLanguage":"fr-FR","@id":"https:\/\/snopet.ma\/magazine\/wp-content\/uploads\/sites\/3\/2025\/08\/cropped-snopet-logo-mobile.png","url":"https:\/\/snopet.ma\/magazine\/wp-content\/uploads\/sites\/3\/2025\/08\/cropped-snopet-logo-mobile.png","contentUrl":"https:\/\/snopet.ma\/magazine\/wp-content\/uploads\/sites\/3\/2025\/08\/cropped-snopet-logo-mobile.png","width":555,"height":198,"caption":"myha"},"logo":{"@id":"https:\/\/snopet.ma\/magazine\/wp-content\/uploads\/sites\/3\/2025\/08\/cropped-snopet-logo-mobile.png"},"sameAs":["https:\/\/snopet.ma"]}]}},"_links":{"self":[{"href":"https:\/\/snopet.ma\/magazine\/wp-json\/wp\/v2\/pages\/9068","targetHints":{"allow":["GET"]}}],"collection":[{"href":"https:\/\/snopet.ma\/magazine\/wp-json\/wp\/v2\/pages"}],"about":[{"href":"https:\/\/snopet.ma\/magazine\/wp-json\/wp\/v2\/types\/page"}],"author":[{"embeddable":true,"href":"https:\/\/snopet.ma\/magazine\/wp-json\/wp\/v2\/users\/1"}],"replies":[{"embeddable":true,"href":"https:\/\/snopet.ma\/magazine\/wp-json\/wp\/v2\/comments?post=9068"}],"version-history":[{"count":19,"href":"https:\/\/snopet.ma\/magazine\/wp-json\/wp\/v2\/pages\/9068\/revisions"}],"predecessor-version":[{"id":10282,"href":"https:\/\/snopet.ma\/magazine\/wp-json\/wp\/v2\/pages\/9068\/revisions\/10282"}],"wp:attachment":[{"href":"https:\/\/snopet.ma\/magazine\/wp-json\/wp\/v2\/media?parent=9068"}],"wp:term":[{"taxonomy":"categorie_magazine","embeddable":true,"href":"https:\/\/snopet.ma\/magazine\/wp-json\/wp\/v2\/categorie_magazine?post=9068"}],"curies":[{"name":"wp","href":"https:\/\/api.w.org\/{rel}","templated":true}]}}